{"id":3586,"date":"2018-07-30T17:37:39","date_gmt":"2018-07-30T17:37:39","guid":{"rendered":"https:\/\/adrianofelgueiras.com\/politica-de-privacidade\/"},"modified":"2020-12-07T15:25:40","modified_gmt":"2020-12-07T14:25:40","slug":"politica-de-privacidade","status":"publish","type":"page","link":"https:\/\/adrianofelgueiras.com\/en\/politica-de-privacidade\/","title":{"rendered":"Pol\u00edtica de privacidade"},"content":{"rendered":"<figure class=\"wp-block-table\"><strong>TERMOS E CONDI\u00c7\u00d5ES DE PRIVACIDADE<\/strong><\/p>\n<p>A sociedade \u201cADRIANO FELGUEIRAS \u2013 SOCIEDADE DE CONSTRU\u00c7\u00d5ES, LDA.\u201d, est\u00e1 ciente das implica\u00e7\u00f5es e da necessidade em cumprir com as suas responsabilidades em mat\u00e9ria de prote\u00e7\u00e3o de dados pessoais, nomeadamente com a entrada em vigor a 25 de Maio de 2018 do Regulamento Geral Sobre a Prote\u00e7\u00e3o de Dados (RGPD) da Uni\u00e3o Europeia, aprovado pelo Regulamento (UE) n.\u00ba 679\/2016 do Parlamento Europeu e do Conselho, de 27 de Abril de 2016.<\/p>\n<p>A ADRIANO FELGUEIRAS assume, assim, o compromisso de garantir a prote\u00e7\u00e3o de todos os dados pessoais que lhe sejam disponibilizados, tendo neste sentido adotado diversas medidas de seguran\u00e7a, de car\u00e1cter t\u00e9cnico e organizativo, de forma a proteger os dados pessoais contra qualquer forma de tratamento il\u00edcito. A ADRIANO FELGUEIRAS assume igualmente o compromisso de melhorar continuamente o conjunto de procedimentos e t\u00e9cnicas implementados para a protec\u00e7\u00e3o de dados pessoais, contando igualmente para esse fim com todas as sugest\u00f5es que os utilizadores deste s\u00edtio nos fa\u00e7am chegar.<\/p>\n<p>Estes Termos e Condi\u00e7\u00f5es de Privacidade aplicam-se exclusivamente ao tratamento de dados pessoais pela ADRIANO FELGUEIRAS recolhidos atrav\u00e9s do seu site ou ac\u00e7\u00f5es comerciais e promocionais.<\/p>\n<ol>\n<li><strong>Finalidade do tratamento<\/strong><\/li>\n<\/ol>\n<p>Os dados pessoais s\u00e3o recolhidos exclusivamente com as finalidades que se seguem: Resposta ao pedido de contacto designadamente para recrutamento; gest\u00e3o comercial; melhoria ou personaliza\u00e7\u00e3o dos nossos servi\u00e7os; envio de newsletters e outras ac\u00e7\u00f5es promocionais.<\/p>\n<ol start=\"2\">\n<li><strong> Dados pessoais recolhidos<\/strong><\/li>\n<\/ol>\n<p>Os dados recolhidos limitam-se ao nome e endere\u00e7o de correio electr\u00f3nico, sendo utilizados para as finalidades previstas nesta pol\u00edtica, sendo que podem ser obtidos atrav\u00e9s de: formul\u00e1rio de contactos do site ou recolha presencial.<\/p>\n<ol start=\"3\">\n<li><strong> Consentimento<\/strong><\/li>\n<\/ol>\n<p>Antes de ser enviada a primeira mensagem promocional ou newsletter ser\u00e1 solicitado o consentimento expresso do titular dos dados para o envio deste tipo de mensagens. Esse consentimento ser\u00e1 solicitado via e-mail e o titular dos dados apenas passa a receber mensagens se responder positivamente. Caso a resposta seja negativa os seus dados ser\u00e3o apagados.<\/p>\n<ol start=\"4\">\n<li><strong> Per\u00edodo de Conserva\u00e7\u00e3o<\/strong><\/li>\n<\/ol>\n<p>Os dados pessoais recolhidos ser\u00e3o mantidos enquanto houver consentimento do titular para as finalidades previstas em 1.<\/p>\n<ol start=\"5\">\n<li><strong> Partilha de dados pessoais<\/strong><\/li>\n<\/ol>\n<p>Os dados pessoais recolhidos poder\u00e3o ser partilhados para alojamento e armazenamento em servidores localizados em Portugal e apenas pela ADRIANO FELGUEIRAS.<\/p>\n<ol start=\"6\">\n<li><strong> Direitos dos titulares<\/strong><\/li>\n<\/ol>\n<p>Para aceder, corrigir, adicionar, atualizar, apagar ou alterar o consentimento das comunica\u00e7\u00f5es, o titular dever\u00e1 contactar a ADRIANO FELGUEIRAS atrav\u00e9s do e-mail geral@adrianofelgueiras.com. Tais pedidos ser\u00e3o tratados com a maior brevidade poss\u00edvel. Poder\u00e1 tamb\u00e9m utilizar esta forma de contacto para qualquer esclarecimento ou sugest\u00e3o acerca destes termos e condi\u00e7\u00f5es.<\/p>\n<ol start=\"7\">\n<li><strong> Cookies<\/strong><\/li>\n<\/ol>\n<p>Ao navegar no site da ADRIANO FELGUEIRAS s\u00e3o utilizados cookies que, no entanto, n\u00e3o recolhem informa\u00e7\u00e3o que identifique o utilizador. S\u00e3o recolhidas informa\u00e7\u00f5es gen\u00e9ricas, designadamente a forma como os utilizadores chegam e utilizam os sites. As informa\u00e7\u00f5es recolhidas s\u00e3o utilizadas com finalidade de controlo do n\u00famero de visitas e estudos estat\u00edsticos, bem como para assegurar que o site funciona corretamente e para facilitar a navega\u00e7\u00e3o e melhorar a experi\u00eancia do utilizador. A utiliza\u00e7\u00e3o de cookies permite que a navega\u00e7\u00e3o do s\u00edtio na internet seja constantemente optimizada de forma a proporcionar uma experi\u00eancia com elevada qualidade e que supere a qualidade obtida na visita anterior por parte do utilizador.<\/p>\n<table>\n<tbody>\n<tr>\n<td>Id. Cookie<\/td>\n<td>Armazenamento<\/td>\n<td>Per\u00edodo de Reten\u00e7\u00e3o<\/td>\n<td>Finalidade<\/td>\n<\/tr>\n<tr>\n<td>cookieConsent<\/td>\n<td>cookie<\/td>\n<td>1 ano<\/td>\n<td>Guardar prefer\u00eancias de cookies<\/td>\n<\/tr>\n<tr>\n<td>_ga<\/td>\n<td>cookie<\/td>\n<td>2 anos<\/td>\n<td>Usado para distinguir utilizadores<\/td>\n<\/tr>\n<tr>\n<td>_gid<\/td>\n<td>cookie<\/td>\n<td>24 horas<\/td>\n<td>Usado para distinguir utilizadores<\/td>\n<\/tr>\n<tr>\n<td>_gat<\/td>\n<td>cookie<\/td>\n<td>1 minuto<\/td>\n<td>Usado para controlar a taxa de solicita\u00e7\u00e3o<\/td>\n<\/tr>\n<tr>\n<td>wp-wpml_current_language<\/td>\n<td>cookie<\/td>\n<td>24 horas<\/td>\n<td>Guarda a l\u00edngua atual<\/td>\n<\/tr>\n<tr>\n<td>wp-wpml_current_admin_language_{hash}<\/td>\n<td>cookie<\/td>\n<td>24 horas<\/td>\n<td>Guarda a l\u00edngua atual da \u00e1rea de administra\u00e7\u00e3o do WordPress<\/td>\n<\/tr>\n<\/tbody>\n<\/table>\n<ol start=\"8\">\n<li><strong> Altera\u00e7\u00e3o dos Termos e Condi\u00e7\u00f5es de Privacidade<\/strong><\/li>\n<\/ol>\n<p>Os presentes Termos e Condi\u00e7\u00f5es de Privacidade poder\u00e3o ser objeto de altera\u00e7\u00e3o ou revis\u00e3o, sem aviso pr\u00e9vio, em fun\u00e7\u00e3o de exig\u00eancias legislativas ou regulamentares de acordo com a lei em vigor. Todas as altera\u00e7\u00f5es significativas a estes termos ser\u00e3o devidamente comunicadas aos utilizadores no site da Empresa. Dado que estes Termos e Condi\u00e7\u00f5es podem ser revistos a qualquer momento, de acordo com o crit\u00e9rio acima descrito, a ADRIANO FELGUEIRAS recomenda aos seus utilizadores que os revejam periodicamente.<\/p>\n<ol start=\"9\">\n<li><strong> Recolha de Dados<\/strong><\/li>\n<\/ol>\n<p><strong>9.1 Formul\u00e1rio de contacto:<\/strong><\/p>\n<p>Ao preencher este formul\u00e1rio o utilizador d\u00e1 o seu consentimento e autoriza a recolha e tratamento dos seus dados pessoais, concretamente o endere\u00e7o de e-mail e telefone, tendo por finalidades potencial recrutamento, ou o pedido de or\u00e7amento\/contacto pela ADRIANO FELGUEIRAS.<\/p>\n<p>Este termo de consentimento est\u00e1 em conformidade com o disposto nos artigos 7.\u00ba e seguintes do Regulamento Geral Sobre a Prote\u00e7\u00e3o de Dados \u2013 Regulamento (UE) n.\u00ba 679\/2016 do Parlamento Europeu e do Conselho, de 27 de Abril de 2016, constituindo uma manifesta\u00e7\u00e3o de vontade, livre, espec\u00edfica, informada e expl\u00edcita, pelo qual o titular dos dados aceita, mediante declara\u00e7\u00e3o, que os dados pessoais, que lhe dizem respeito, sejam objeto de tratamento nos moldes legalmente admiss\u00edveis. O titular dos dados declara que os dados fornecidos s\u00e3o verdadeiros e exatos e a sua inser\u00e7\u00e3o devidamente autorizada, responsabilizando-se exclusivamente pelo teor das mesmas.<br \/>\nOs dados pessoais fornecidos ser\u00e3o processados pela ADRIANO FELGUEIRAS enquanto entidade respons\u00e1vel pela recolha, armazenamento, conserva\u00e7\u00e3o e tratamento dos mesmos, destinando-se os mesmos \u00e0 distribui\u00e7\u00e3o de newsletter da empresa.<\/figure>\n","protected":false},"excerpt":{"rendered":"<p>TERMOS E CONDI\u00c7\u00d5ES DE PRIVACIDADE A sociedade \u201cADRIANO FELGUEIRAS \u2013 SOCIEDADE DE CONSTRU\u00c7\u00d5ES, LDA.\u201d, est\u00e1 ciente das implica\u00e7\u00f5es e da necessidade em cumprir com as [&hellip;]<\/p>\n","protected":false},"author":1,"featured_media":226,"parent":0,"menu_order":0,"comment_status":"closed","ping_status":"closed","template":"","meta":{"footnotes":""},"class_list":["post-3586","page","type-page","status-publish","has-post-thumbnail","hentry"],"_links":{"self":[{"href":"https:\/\/adrianofelgueiras.com\/en\/wp-json\/wp\/v2\/pages\/3586","targetHints":{"allow":["GET"]}}],"collection":[{"href":"https:\/\/adrianofelgueiras.com\/en\/wp-json\/wp\/v2\/pages"}],"about":[{"href":"https:\/\/adrianofelgueiras.com\/en\/wp-json\/wp\/v2\/types\/page"}],"author":[{"embeddable":true,"href":"https:\/\/adrianofelgueiras.com\/en\/wp-json\/wp\/v2\/users\/1"}],"replies":[{"embeddable":true,"href":"https:\/\/adrianofelgueiras.com\/en\/wp-json\/wp\/v2\/comments?post=3586"}],"version-history":[{"count":2,"href":"https:\/\/adrianofelgueiras.com\/en\/wp-json\/wp\/v2\/pages\/3586\/revisions"}],"predecessor-version":[{"id":3632,"href":"https:\/\/adrianofelgueiras.com\/en\/wp-json\/wp\/v2\/pages\/3586\/revisions\/3632"}],"wp:featuredmedia":[{"embeddable":true,"href":"https:\/\/adrianofelgueiras.com\/en\/wp-json\/wp\/v2\/media\/226"}],"wp:attachment":[{"href":"https:\/\/adrianofelgueiras.com\/en\/wp-json\/wp\/v2\/media?parent=3586"}],"curies":[{"name":"wp","href":"https:\/\/api.w.org\/{rel}","templated":true}]}}

Política de privacidade

<figure class="wp-block-table"><strong>TERMOS E CONDIÇÕES DE PRIVACIDADE</strong></p>
<p>A sociedade “ADRIANO FELGUEIRAS – SOCIEDADE DE CONSTRUÇÕES, LDA.”, está ciente das implicações e da necessidade em cumprir com as suas responsabilidades em matéria de proteção de dados pessoais, nomeadamente com a entrada em vigor a 25 de Maio de 2018 do Regulamento Geral Sobre a Proteção de Dados (RGPD) da União Europeia, aprovado pelo Regulamento (UE) n.º 679/2016 do Parlamento Europeu e do Conselho, de 27 de Abril de 2016.</p>
<p>A ADRIANO FELGUEIRAS assume, assim, o compromisso de garantir a proteção de todos os dados pessoais que lhe sejam disponibilizados, tendo neste sentido adotado diversas medidas de segurança, de carácter técnico e organizativo, de forma a proteger os dados pessoais contra qualquer forma de tratamento ilícito. A ADRIANO FELGUEIRAS assume igualmente o compromisso de melhorar continuamente o conjunto de procedimentos e técnicas implementados para a protecção de dados pessoais, contando igualmente para esse fim com todas as sugestões que os utilizadores deste sítio nos façam chegar.</p>
<p>Estes Termos e Condições de Privacidade aplicam-se exclusivamente ao tratamento de dados pessoais pela ADRIANO FELGUEIRAS recolhidos através do seu site ou acções comerciais e promocionais.</p>
<ol>
<li><strong>Finalidade do tratamento</strong></li>
</ol>
<p>Os dados pessoais são recolhidos exclusivamente com as finalidades que se seguem: Resposta ao pedido de contacto designadamente para recrutamento; gestão comercial; melhoria ou personalização dos nossos serviços; envio de newsletters e outras acções promocionais.</p>
<ol start="2">
<li><strong> Dados pessoais recolhidos</strong></li>
</ol>
<p>Os dados recolhidos limitam-se ao nome e endereço de correio electrónico, sendo utilizados para as finalidades previstas nesta política, sendo que podem ser obtidos através de: formulário de contactos do site ou recolha presencial.</p>
<ol start="3">
<li><strong> Consentimento</strong></li>
</ol>
<p>Antes de ser enviada a primeira mensagem promocional ou newsletter será solicitado o consentimento expresso do titular dos dados para o envio deste tipo de mensagens. Esse consentimento será solicitado via e-mail e o titular dos dados apenas passa a receber mensagens se responder positivamente. Caso a resposta seja negativa os seus dados serão apagados.</p>
<ol start="4">
<li><strong> Período de Conservação</strong></li>
</ol>
<p>Os dados pessoais recolhidos serão mantidos enquanto houver consentimento do titular para as finalidades previstas em 1.</p>
<ol start="5">
<li><strong> Partilha de dados pessoais</strong></li>
</ol>
<p>Os dados pessoais recolhidos poderão ser partilhados para alojamento e armazenamento em servidores localizados em Portugal e apenas pela ADRIANO FELGUEIRAS.</p>
<ol start="6">
<li><strong> Direitos dos titulares</strong></li>
</ol>
<p>Para aceder, corrigir, adicionar, atualizar, apagar ou alterar o consentimento das comunicações, o titular deverá contactar a ADRIANO FELGUEIRAS através do e-mail geral@adrianofelgueiras.com. Tais pedidos serão tratados com a maior brevidade possível. Poderá também utilizar esta forma de contacto para qualquer esclarecimento ou sugestão acerca destes termos e condições.</p>
<ol start="7">
<li><strong> Cookies</strong></li>
</ol>
<p>Ao navegar no site da ADRIANO FELGUEIRAS são utilizados cookies que, no entanto, não recolhem informação que identifique o utilizador. São recolhidas informações genéricas, designadamente a forma como os utilizadores chegam e utilizam os sites. As informações recolhidas são utilizadas com finalidade de controlo do número de visitas e estudos estatísticos, bem como para assegurar que o site funciona corretamente e para facilitar a navegação e melhorar a experiência do utilizador. A utilização de cookies permite que a navegação do sítio na internet seja constantemente optimizada de forma a proporcionar uma experiência com elevada qualidade e que supere a qualidade obtida na visita anterior por parte do utilizador.</p>
<table>
<tbody>
<tr>
<td>Id. Cookie</td>
<td>Armazenamento</td>
<td>Período de Retenção</td>
<td>Finalidade</td>
</tr>
<tr>
<td>cookieConsent</td>
<td>cookie</td>
<td>1 ano</td>
<td>Guardar preferências de cookies</td>
</tr>
<tr>
<td>_ga</td>
<td>cookie</td>
<td>2 anos</td>
<td>Usado para distinguir utilizadores</td>
</tr>
<tr>
<td>_gid</td>
<td>cookie</td>
<td>24 horas</td>
<td>Usado para distinguir utilizadores</td>
</tr>
<tr>
<td>_gat</td>
<td>cookie</td>
<td>1 minuto</td>
<td>Usado para controlar a taxa de solicitação</td>
</tr>
<tr>
<td>wp-wpml_current_language</td>
<td>cookie</td>
<td>24 horas</td>
<td>Guarda a língua atual</td>
</tr>
<tr>
<td>wp-wpml_current_admin_language_{hash}</td>
<td>cookie</td>
<td>24 horas</td>
<td>Guarda a língua atual da área de administração do WordPress</td>
</tr>
</tbody>
</table>
<ol start="8">
<li><strong> Alteração dos Termos e Condições de Privacidade</strong></li>
</ol>
<p>Os presentes Termos e Condições de Privacidade poderão ser objeto de alteração ou revisão, sem aviso prévio, em função de exigências legislativas ou regulamentares de acordo com a lei em vigor. Todas as alterações significativas a estes termos serão devidamente comunicadas aos utilizadores no site da Empresa. Dado que estes Termos e Condições podem ser revistos a qualquer momento, de acordo com o critério acima descrito, a ADRIANO FELGUEIRAS recomenda aos seus utilizadores que os revejam periodicamente.</p>
<ol start="9">
<li><strong> Recolha de Dados</strong></li>
</ol>
<p><strong>9.1 Formulário de contacto:</strong></p>
<p>Ao preencher este formulário o utilizador dá o seu consentimento e autoriza a recolha e tratamento dos seus dados pessoais, concretamente o endereço de e-mail e telefone, tendo por finalidades potencial recrutamento, ou o pedido de orçamento/contacto pela ADRIANO FELGUEIRAS.</p>
<p>Este termo de consentimento está em conformidade com o disposto nos artigos 7.º e seguintes do Regulamento Geral Sobre a Proteção de Dados – Regulamento (UE) n.º 679/2016 do Parlamento Europeu e do Conselho, de 27 de Abril de 2016, constituindo uma manifestação de vontade, livre, específica, informada e explícita, pelo qual o titular dos dados aceita, mediante declaração, que os dados pessoais, que lhe dizem respeito, sejam objeto de tratamento nos moldes legalmente admissíveis. O titular dos dados declara que os dados fornecidos são verdadeiros e exatos e a sua inserção devidamente autorizada, responsabilizando-se exclusivamente pelo teor das mesmas.<br />
Os dados pessoais fornecidos serão processados pela ADRIANO FELGUEIRAS enquanto entidade responsável pela recolha, armazenamento, conservação e tratamento dos mesmos, destinando-se os mesmos à distribuição de newsletter da empresa.</figure>

<p>TERMOS E CONDIÇÕES DE PRIVACIDADE A sociedade “ADRIANO FELGUEIRAS – SOCIEDADE DE CONSTRUÇÕES, LDA.”, está ciente das implicações e da necessidade em cumprir com as [&hellip;]</p>
